se 7) to base 15.
-147
-30111 (base 4) to base 10
-789
What is -1011300 (base 4) in base 16?
-1170
Convert 4028 (base 12) to base 9.
10465
What is -122120 (base 3) in base 5?
-3344
What is -672 (base 16) in base 7?
-4545
52522 (base 6) to base 15
218b
What is 1729 (base 14) in base 16?
1039
Convert 8c8 (base 13) to base 14.
7a4
What is -3216 (base 13) in base 16?
-1b24
What is 24a (base 16) in base 2?
1001001010
-7696 (base 12) to base 5
-404244
Convert 100100011111 (base 2) to base 12.
1427
Convert 88b (base 13) to base 2.
10110111011
Convert 2200344 (base 5) to base 3.
1220120120
Convert -106 (base 7) to base 4.
-313
What is -2997 (base 14) in base 6?
-54105
What is -924 (base 11) in base 9?
-1468
-2bd (base 16) to base 2
-1010111101
7 (base 16) to base 11
7
Convert 1100 (base 4) to base 13.
62
51025 (base 7) to base 4
3001033
What is 1967 (base 11) in base 8?
4675
-11363 (base 8) to base 12
-2983
What is -503 (base 10) in base 2?
-111110111
What is 266 (base 14) in base 8?
742
Convert -1304 (base 13) to base 3.
-10201022
What is -65504 (base 10) in base 4?
-33333200
3330 (base 8) to base 12
1020
What is -634 (base 10) in base 4?
-21322
What is 25367 (base 11) in base 2?
1000111000010101
What is -12120 (base 5) in base 13?
-550
-8857 (base 11) to base 5
-333203
What is 476 (base 10) in base 16?
1dc
-54133 (base 10) to base 2
-1101001101110101
1489 (base 13) to base 4
232222
Convert -100100000110000 (base 2) to base 6.
-221320
Convert -10000001001111 (base 2) to base 3.
-102100100
Convert 20073 (base 11) to base 5.
1414422
Convert -425 (base 12) to base 16.
-25d
-1334 (base 8) to base 16
-2dc
Convert -564 (base 11) to base 4.
-22203
Convert -4323 (base 7) to base 16.
-600
Convert -1010101010 (base 2) to base 3.
-221021
Convert -4262 (base 10) to base 14.
-17a6
What is 178 (base 12) in base 2?
11101100
-518 (base 12) to base 11
-613
What is -201211210 (base 3) in base 5?
-430331
What is -10317 (base 10) in base 11?
-782a
What is -10020 (base 4) in base 2?
-100001000
Convert -1014 (base 11) to base 15.
-5eb
-1001221 (base 3) to base 7
-2164
Convert -b6b (base 16) to base 3.
-11000021
What is -137357 (base 8) in base 4?
-23323233
-205 (base 6) to base 2
-1001101
10073 (base 8) to base 12
24a3
Convert 102201 (base 3) to base 8.
474
What is -15505 (base 7) in base 8?
-10416
-31321 (base 8) to base 3
-122211211
What is -472 (base 8) in base 4?
-10322
What is -296 (base 12) in base 14?
-20a
Convert -122 (base 12) to base 3.
-20022
What is 14251 (base 8) in base 12?
37a1
14e3 (base 15) to base 12
2720
-12049 (base 11) to base 9
-25724
What is -13110120 (base 4) in base 5?
-1424401
5035 (base 8) to base 15
b79
-1946a (base 12) to base 6
-443014
-10333 (base 7) to base 6
-15524
What is 4a54 (base 12) in base 2?
10000011100000
What is -4a9 (base 14) in base 6?
-4153
Convert 1630 (base 8) to base 3.
1021002
Convert -30302 (base 4) to base 14.
-426
Convert 517 (base 9) to base 8.
645
25963 (base 10) to base 12
13037
What is 4679 (base 13) in base 10?
9902
Convert -20033333 (base 4) to base 12.
-1767b
-10003303 (base 4) to base 13
-7750
Convert 1562 (base 11) to base 9.
2666
Convert -5737 (base 10) to base 6.
-42321
Convert 1819 (base 11) to base 4.
210033
Convert -6980 (base 10) to base 7.
-26231
What is -508 (base 10) in base 3?
-200211
What is 111111100001 (base 2) in base 5?
112230
Convert -8179 (base 10) to base 5.
-230204
-2002211 (base 3) to base 11
-1175
Convert -436 (base 15) to base 4.
-32313
What is -2010022111 (base 3) in base 14?
-11326
Convert -6aa1 (base 11) to base 8.
-22133
-8949 (base 11) to base 4
-2320032
What is -16ce (base 15) in base 12?
-2a1b
-122201012 (base 3) to base 14
-49c3
Convert 59 (base 13) to base 4.
1022
-120020 (base 3) to base 12
-2a3
Convert 81502 (base 10) to base 16.
13e5e
What is -112000 (base 5) in base 12?
-2394
352 (base 10) to base 7
1012
-1032031 (base 4) to base 10
-5005
Convert -10072 (base 12) to base 13.
-9629
-10225 (base 9) to base 8
-15132
Convert -6caa (base 13) to base 12.
-8a72
What is 13d3 (base 15) in base 5?
113443
4a3 (base 13) to base 15
38e
Convert 32354 (base 8) to base 16.
34ec
15653 (base 9) to base 8
24764
Convert -1b4 (base 15) to base 16.
-18a
Convert 125 (base 11) to base 10.
148
What is -2121121200 (base 3) in base 2?
-1100100100011000
What is -361 (base 10) in base 8?
-551
What is -21115 (base 6) in base 16?
-b27
595 (base 13) to base 15
447
Convert 44a (base 11) to base 4.
20122
Convert 11090 (base 13) to base 10.
30875
What is 310132 (base 4) in base 16?
d1e
What is -54878 (base 9) in base 15?
-abe5
Convert 3561 (base 8) to base 4.
131301
Convert -100013233 (base 4) to base 3.
-10100120121
-12014 (base 9) to base 6
-101104
What is -62638 (base 10) in base 3?
-10011220221
Convert -2048 (base 10) to base 11.
-15a2
What is -781 (base 13) in base 14?
-680
Convert 879 (base 10) to base 7.
2364
What is -24313 (base 6) in base 14?
-1433
122131 (base 4) to base 15
77d
5d4 (base 14) to base 13
6b9
Convert -2136 (base 7) to base 4.
-23322
Convert 1010021 (base 3) to base 10.
817
Convert -36d (base 14) to base 3.
-221101
What is 10110001100101 (base 2) in base 14?
41db
5320 (base 6) to base 10
1200
332 (base 8) to base 12
162
Convert 6757 (base 16) to base 7.
140062
What is 25b1 (base 12) in base 11?
3268
What is 3010112 (base 4) in base 13?
5948
Convert -524422 (base 6) to base 9.
-64255
What is 541 (base 7) in base 13?
181
-120006 (base 8) to base 3
-2002012021
-1132 (base 6) to base 9
-332
What is 5401 (base 10) in base 4?
1110121
-10011010101011 (base 2) to base 8
-23253
Convert 31130 (base 4) to base 2.
1101011100
What is -1003 (base 9) in base 14?
-3a4
-90b5 (base 12) to base 7
-63512
101100000 (base 2) to base 16
160
What is -290b0 (base 13) in base 5?
-4431123
2544 (base 16) to base 4
2111010
What is -33c5 (base 14) in base 10?
-8993
What is 1022322 (base 5) in base 4?
10030330
-1997 (base 11) to base 5
-40101
What is -601 (base 9) in base 14?
-26b
Convert 4404 (base 9) to base 6.
23004
Convert 20ba (base 14) to base 7.
22323
11ab8 (base 12) to base 2
101110111101100
Convert -252 (base 6) to base 13.
-80
What is -164 (base 16) in base 4?
-11210
What is -13670 (base 8) in base 11?
-4620
Convert -1001110122 (base 3) to base 2.
-101000100010001
What is 111211122 (base 3) in base 5?
310323
Convert -21123 (base 6) to base 11.
-216a
Convert 11000100001 (base 2) to base 13.
939
What is aac (base 16) in base 7?
10652
What is 55a (base 11) in base 14?
35c
What is -6710 (base 9) in base 16?
-1356
111b (base 16) to base 15
146e
22774 (base 8) to base 6
113004
What is 3353 (base 7) in base 12?
852
8b2 (base 12) to base 11
a6a
What is -21222 (base 8) in base 13?
-404a
3305 (base 6) to base 16
2f9
Convert -799 (base 11) to base 13.
-586
-779 (base 13) to base 9
-1675
What is 2a (base 12) in base 9?
37
Convert -111011011011111 (base 2) to base 8.
-73337
-f63 (base 16) to base 10
-3939
Convert 7740 (base 9) to base 4.
1121022
8dad (base 16) to base 4
20312231
What is -943 (base 13) in base 3?
-2011101
Convert 9b69 (base 12) to base 6.
211413
What is -25b (base 16) in base 8?
-1133
124415 (base 6) to base 14
4215
Convert 103400 (base 5) to base 2.
111000010000
Convert -2cc1 (base 13) to base 2.
-1100110110011
What is 10223 (base 6) in base 3?
1220020
10101011110 (base 2) to base 4
111132
Convert -5e (base 16) to base 7.
-163
-1685 (base 13) to base 3
-11112222
-30103230 (base 4) to base 13
-19c3b
What is -454112 (base 6) in base 16?
-965c
Convert 100001111011101 (base 2) to base 16.
43dd
-b73 (base 13) to base 14
-9d7
3c6 (base 15) to base 4
31131
Convert 268 (base 15) to base 3.
202022
Convert 22211 (base 4) to base 14.
365
-23221 (base 5) to base 2
-11010010110
24013 (base 5) to base 10
1758
Convert -122537 (base 8) to base 10.
-42335
What is f2d (base 16) in base 5?
111020
What is -6251 (base 8) in base 11?
-2487
-41540 (base 8) to base 11
-11a60
Convert -7628 (base 14) to base 6.
-234312
110101100 (base 2) to base 13
26c
What is 10010100000 (base 2) in base 16?
4a0
22058 (base 9) to base 12
8575
334 (base 9) to base 13
181
Convert -220121 (base 6) to base 12.
-a641
Convert -13173 (base 8) to base 7.
-22531
Convert -101111111011 (base 2) to base 7.
-11641
-32233 (base 4) to base 5
-12233
Convert 